4 = -3*b, 0 = w - 4*b - 4 + 58. List the prime factors of 3/4*(-144)/w*94.
2, 47
List the prime factors of 3 + (-98)/34 + 44363852/1972.
3, 7499
Suppose -5*m + 3*g + 12795 = 0, 0*g - 12805 = -5*m + g. Suppose -13*c = -19*c + m. What are the prime factors of c?
7, 61
Let u(k) = -2 + 26 + 18 - 2*k - 4*k. List the prime factors of u(-12).
2, 3, 19
Suppose -5*h = 4*o - 21349, h + o - 4307 = -37. List the prime factors of h.
3, 1423
Suppose 4*m + 13*m + 8092 = 0. Let k be 17/(-4) - (-7)/28. What are the prime factors of (2 + k - m)*3/9?
2, 79
Suppose -25*r + 19*r + 1038 = 0. Let c = 197 - r. List the prime factors of c.
2, 3
Let u(l) = -l**3 + 15*l**2 - 14*l + 10. Suppose z + 155 = 6*z. Suppose 5*h - 30 = -4*g + z, 17 = g + 3*h. What are the prime factors of u(g)?
2, 5
Let y(w) = 9*w + 197. Let u be y(-42). Let z = u + 288. List the prime factors of z.
107
Suppose 31*g = 17*g + 24*g - 177200. List the prime factors of g.
2, 5, 443
What are the prime factors of -165*((6 - (-324)/(-6)) + -3 + 2)?
3, 5, 7, 11
Let p(g) = g**2 + 6*g - 35. Let b be p(-9). What are the prime factors of ((-28)/b + -3)*748?
2, 11, 17
Let u(o) = -o**2 - 20*o - 59. Let g be u(-13). Suppose 12*a - 2572 = g. What are the prime factors of a?
7, 31
Let r(q) = 4*q**2 - 9*q**2 - 12*q + q**3 + 9*q**2. Let s be r(-6). Suppose -n - 129 = -4*n - k, s = -3*n - 4*k + 129. What are the prime factors of n?
43
Let y(j) = -161*j - 13. Let q be y(-2). What are the prime factors of (4/(16/12) - 3) + q?
3, 103
Let v(d) = -13*d + 242. Let b be v(18). Suppose b*t = 57 + 295. What are the prime factors of t?
2, 11
Suppose 0 = -102*j + 115*j + 247. List the prime factors of 81*(8 + 1) - (13 + j).
3, 5, 7
Let x = 6625 + 7094. List the prime factors of x.
3, 17, 269
Suppose -99*n + 51*n = -444432. List the prime factors of n.
47, 197
Let f(t) = 9*t**3 - 46*t**2 - 7*t - 28. Let g(w) = 5*w**3 - 24*w**2 - 4*w - 14. Let h(a) = -6*f(a) + 11*g(a). List the prime factors of h(7).
7, 19
Let k(z) = -z**3 - 7*z**2 + 2*z + 68. Let u be k(-5). Suppose 6*c + u*c - 5026 = 0. List the prime factors of c.
359
Suppose -4*b + 86 = 2*y, y - 2*b + 7*b = 43. Let m = y - 63. What are the prime factors of 188*(2/20 - m/50)?
2, 47
Let b(n) = -154*n + 2374. What are the prime factors of b(-67)?
2, 19, 167
Let o(c) = 3*c**2 - 13*c + 20. Let f be o(-15). Suppose 4*l + 166 = f. Suppose -5*h - l = -3*w + w, 4*h = -12. What are the prime factors of w?
83
Let m = 43 - 46. Let d be 81/3 - m/(-3). Suppose 22*i + 276 = d*i. What are the prime factors of i?
3, 23
Suppose 2*x - 5*x - 18381 = -2*w, 4*x + 4 = 0. Suppose 30*v = 21*v + w. What are the prime factors of v?
1021
Let p be -2 - (10*-20 + -4). Let q = p + -117. What are the prime factors of q?
5, 17
Let g = -34540 - -51016. List the prime factors of g.
2, 3, 1373
Let g(h) = -h**2 + 18*h - 4. Let o be g(17). Suppose -o = 5*f - t, -f + 10 = 2*t + 2*t. What are the prime factors of f/2*172/(-5 + 1)?
43
Let b(i) = 15*i**2 + 5*i + 4. Let x be b(-1). Let h(y) = -2*y**2 + 5*y. Let k be h(4). Let o = k + x. What are the prime factors of o?
2
Let l(n) = 66*n**2 + 3*n + 4. Let x be l(7). Suppose 1421 = -5*c - x. What are the prime factors of 6/(-14) - c/28?
3, 11
Suppose 33*a - 54*a + 26607 = 0. Let b = a + -539. List the prime factors of b.
2, 7, 13
Suppose -4*b - 24009 = -3*y, -3*y - 53*b + 58*b = -24003. What are the prime factors of y?
8011
Suppose 0 = -9*z + 10*z + 250. Let x = z + 445. Suppose 54 = 2*u + 3*m - 20, 5*u + 5*m = x. List the prime factors of u.
43
Let v(z) = 14*z**3 - 10*z**2 + 23*z + 28. List the prime factors of v(5).
31, 53
Let s = -2143 + 30025. List the prime factors of s.
2, 3, 1549
Let c(g) be the first derivative of 18*g**2 + 12*g + 130. List the prime factors of c(11).
2, 3, 17
Let z(j) = j**2 - 2*j + 65. Let b(r) = -9*r - 20 + 7*r + r. Let i be b(-20). List the prime factors of z(i).
5, 13
Let d(j) = -j**2 + j. Let s(w) = 11*w**2 - 7*w - 6. Let r(g) = 2*d(g) + s(g). Let v be 6/(-4) - 208/(-32). List the prime factors of r(v).
2, 97
Let c be (-948)/(-108) - (-2)/9. Suppose 2115 - 11097 = -c*t. What are the prime factors of t?
2, 499
Suppose 125*p - 1413701 = 214799. List the prime factors of p.
2, 3257
Let b(i) = -4*i**3 - i**2 + 2*i + 3. Let s(n) = -n**3 - n**2 - n. Let q(g) = b(g) - 5*s(g). Let y be q(-2). Let m = y - -24. What are the prime factors of m?
3, 7
Suppose 334*f = 342*f. Suppose 18*b - 15*b - 1911 = k, b - 3*k - 629 = f. What are the prime factors of b?
2, 11, 29
Let y be 3/((6/(-30))/(2/(-10))). Let r(f) = 47*f + 3*f**y - 44*f + 5 - 11*f**3 - 2*f**2. List the prime factors of r(-2).
5, 11
Suppose 0 = 3*n - 4 - 5. Let x(h) = -48*h**2 + h - 14. Let a(r) = 58*r**2 - r + 15. Let p(u) = 5*a(u) + 6*x(u). What are the prime factors of p(n)?
2, 3
Let t(x) = 559*x**2 - 52*x + 475. List the prime factors of t(7).
2, 13751
Suppose -11*t - 9*t - 139212 = -345772. List the prime factors of t.
2, 1291
Let k = 60 - 68. List the prime factors of ((-54)/k)/(69/2576).
2, 3, 7
Let i(v) = 12*v - 10. Let r(y) = -y**2 + 22*y + 30. Let t be r(23). Let l be i(t). Let d = -59 + l. List the prime factors of d.
3, 5
Let u(f) = 16*f**3 + f**2 - 68*f + 454. What are the prime factors of u(8)?
2, 3, 1361
Suppose -7*y - 7000 = -14*y. Suppose 0 = s + f - y, -2*f + 2331 + 1673 = 4*s. What are the prime factors of s?
2, 3, 167
Suppose 66*r - 1403654 = 17*r. List the prime factors of r.
2, 14323
Let y(x) = x**2 - 23*x + 2. Let i(k) = -35*k + 55. Let r(b) = -i(b) + y(b). Let m = 40 - 28. List the prime factors of r(m).
5, 47
Let d = -10227 + 19417. List the prime factors of d.
2, 5, 919
Suppose 124365 = 5*x + 5*i, 917*x - 914*x - 74594 = 2*i. What are the prime factors of x?
2, 6217
Suppose -6*o = -3*o - 48. Suppose -4*h - 30 = 3*q, -4*h - o = -h - q. What are the prime factors of 385/10 + h + (-2)/(-4)?
3, 11
Let i(j) = -11*j**3 + 12*j**2 + 16*j + 46. List the prime factors of i(-8).
2, 3, 13
Suppose 0 = -4*j - 5*a + 67331, 83679 = 5*j - 2*a - 427. What are the prime factors of j?
2, 3, 701
Suppose -3*z - 5*x = -15, -3*z + 23*x + 6 = 25*x. Suppose -2*d - 2*d = 4*a, 5*d - a = 30. Suppose -d*g - 8 + 178 = z. List the prime factors of g.
2, 17
Suppose -2*w + 80 = -4*c, 3*c - 6*c - 4*w - 60 = 0. Suppose -2*i = -2*m + 18 + 32, 3*i = -2*m - 75. Let t = c - i. List the prime factors of t.
5
What are the prime factors of -13 - 13582*(-10)/20?
2, 3389
Let n(l) = l**3 - 15*l**2 + 15*l - 8. Let h be n(14). Let b(q) = 6*q**2 - 7*q + 52. List the prime factors of b(h).
2, 113
Let d(a) = -5*a**2 + 49*a - 156. Let p(w) = w**2 - 10*w + 31. Let b(l) = 2*d(l) + 11*p(l). What are the prime factors of b(12)?
29
Let r be (-4)/18*-33*(-6)/(-4). Suppose 5*d = 6*d + r. What are the prime factors of (-99)/6*d/((-22)/(-4))?
3, 11
Let g(z) = 12*z - 8 + 6*z + 2*z - 4*z. Let m(h) = -2*h**2 - 37*h - 12. Let j be m(-18). What are the prime factors of g(j)?
2, 11
Let u(o) = -o**3 + 16*o**2 + 2*o - 22. Let v be u(9). Let x = 870 - v. What are the prime factors of x?
307
What are the prime factors of ((-20950)/4)/(((-2)/9)/(1224/459))?
2, 3, 5, 419
Let o be 4 + 3/15*5. Suppose -5*q + 5 = -o. Suppose 94 = n + b + 3*b, q*n + 5*b = 173. What are the prime factors of n?
2, 37
Let r be 1*(6/(-2) - -2)/(-1). What are the prime factors of 455 - (r/(-2))/((-6)/12)?
2, 227
List the prime factors of 6353 + 209/(-11) - (-1 + 1).
2, 3167
Suppose -15 = -2*j + 63. Suppose -58*y - 2211 + 10459 = -6832. What are the prime factors of (y/j)/(1/39)?
2, 5, 13
Suppose 0 = 19*a - 254 - 563. Suppose 3*s = 5*r + 2336, a*s - 38*s - 2*r = 3868. What are the prime factors of s?
2, 193
Let m(y) = y**2 + 13*y - 26. Suppose 0 = -h - 5*h - 198. Let d = h - -17. What are the prime factors of m(d)?
2, 11
Let c = -403 + 868. Let v = c - -38. List the prime factors of v.
503
Let g(i) = -i**3 + 5*i**2 + 13*i + 10. Suppose 0 = 7*v - 15 - 27. Let t be g(v). Suppose 504 = 4*w - t. List the prime factors of w.
139
Suppose 37*k - 10*k = 513. Suppose k*x = 5948 + 14990. What are the prime factors of x?
2, 19, 29
Suppose -3*g = -2*b + 37628, -5*b + 85*g - 87*g = -94146. List the prime factors of b.
2, 9413
Suppose 0 = -28*z - 76121 + 222503 + 125246. List the prime factors of z.
89, 109
Let l(y) = y**2 - 15*y + 65. Let z be l(-33). Let n = z - 831. Li